{"id":131,"date":"2013-05-27T21:11:42","date_gmt":"2013-05-27T19:11:42","guid":{"rendered":"http:\/\/www.vwpolo6n.de\/marc\/?page_id=131"},"modified":"2013-07-14T17:04:22","modified_gmt":"2013-07-14T15:04:22","slug":"mein-strecke","status":"publish","type":"page","link":"https:\/\/www.vwpolo6n.de\/marc\/mein-strecke\/","title":{"rendered":"Lpg-Alltagspolo"},"content":{"rendered":"<p>Sollte eigentlich nur als &#8222;Spardose&#8220; dienen um g\u00fcnstig von A nach B zu kommen. Es ist wie es ist und schon sieht man sich mehr an dem Teil schrauben als eigentlich gewollt&#8230;<\/p>\n<p>Bisher:<\/p>\n<ul>\n<li>Motorumbau von 1,6l 75PS AEA alte ZE auf 1,4l AKV 60PS neue ZE mit LPG-Anlage<\/li>\n<li>T\u00fcrverkleidungen Leder Anthrazit vom 6N<\/li>\n<li>Recaro Ledersitze Anthrazit vom 6N2 mit Sitzheizung<\/li>\n<li>Tacho neue ZE mit Chromringen, blaue Beleuchtung mit Smd\u00b4s original VW, Zeiger vom Gti<\/li>\n<li>Schaltknauf Leder vom Audi A3 8P Leder Anthrazit<\/li>\n<li>Mittelarmlehne Zubeh\u00f6r mit Eigenbau Halterung<\/li>\n<li>Sonnenrollo Heckablage Votex<\/li>\n<li>Schiebedach elektrisch vom 6N2 inkl. Dachhimmel + Angstgriffe<\/li>\n<li>Fu\u00dfmatten original Vw Velour Anthrazit<\/li>\n<li>Abt Tuningkit bestehend aus Nockenwelle und Steuerger\u00e4t (80PS laut Eintragung)<\/li>\n<li>F\u00e4cherkr\u00fcmmer Friedrich Motorsport, Kat + MSD vom 1,6l 16V, Endschalld\u00e4mpfer vom Diesel (also 50mm durchg\u00e4ngig)<\/li>\n<li>Votex 7&#215;15 Alufelgen vom Polo 6N2 mattschwarz mit Conti Sport Contact2<\/li>\n<li>Fahrwerk H&amp;R Cupkit 60\/40<\/li>\n<li>Frontumbau auf 6N2 Gti mit Xenon, ALWR und SWRA<\/li>\n<\/ul>\n<p>Von aussen sieht der Wagen aus wie die \u00fcbelste Bastelbude, die Technik ist Top. Jetzt wird das \u00e4ussere den inneren Werten angepasst&#8230;.<\/p>\n","protected":false},"excerpt":{"rendered":"<p>Sollte eigentlich nur als &#8222;Spardose&#8220; dienen um g\u00fcnstig von A nach B zu kommen. Es ist wie es ist und schon sieht man sich mehr an dem Teil schrauben als eigentlich gewollt&#8230; Bisher: Motorumbau von 1,6l 75PS AEA alte ZE auf 1,4l AKV 60PS neue ZE mit LPG-Anlage T\u00fcrverkleidungen Leder Anthrazit vom 6N Recaro Ledersitze [&hellip;]<\/p>\n","protected":false},"author":1,"featured_media":0,"parent":0,"menu_order":0,"comment_status":"closed","ping_status":"open","template":"","meta":{"footnotes":""},"class_list":["post-131","page","type-page","status-publish","hentry"],"_links":{"self":[{"href":"https:\/\/www.vwpolo6n.de\/marc\/wp-json\/wp\/v2\/pages\/131","targetHints":{"allow":["GET"]}}],"collection":[{"href":"https:\/\/www.vwpolo6n.de\/marc\/wp-json\/wp\/v2\/pages"}],"about":[{"href":"https:\/\/www.vwpolo6n.de\/marc\/wp-json\/wp\/v2\/types\/page"}],"author":[{"embeddable":true,"href":"https:\/\/www.vwpolo6n.de\/marc\/wp-json\/wp\/v2\/users\/1"}],"replies":[{"embeddable":true,"href":"https:\/\/www.vwpolo6n.de\/marc\/wp-json\/wp\/v2\/comments?post=131"}],"version-history":[{"count":7,"href":"https:\/\/www.vwpolo6n.de\/marc\/wp-json\/wp\/v2\/pages\/131\/revisions"}],"predecessor-version":[{"id":200,"href":"https:\/\/www.vwpolo6n.de\/marc\/wp-json\/wp\/v2\/pages\/131\/revisions\/200"}],"wp:attachment":[{"href":"https:\/\/www.vwpolo6n.de\/marc\/wp-json\/wp\/v2\/media?parent=131"}],"curies":[{"name":"wp","href":"https:\/\/api.w.org\/{rel}","templated":true}]}}