{"id":660,"date":"2016-06-12T14:29:31","date_gmt":"2016-06-12T12:29:31","guid":{"rendered":"http:\/\/www.vwpolo6n.de\/marc\/?page_id=660"},"modified":"2016-06-12T14:29:31","modified_gmt":"2016-06-12T12:29:31","slug":"gti-16-2016","status":"publish","type":"page","link":"https:\/\/www.vwpolo6n.de\/marc\/gti-16-2016\/","title":{"rendered":"Gti 16&#8230;2016!"},"content":{"rendered":"<p>Hupps es schon wieder 5 Jahre her das der Gti angemeldet war.\u00a0 Die To Do-Liste von 2014 ist \u00fcbrigens nicht k\u00fcrzer geworden, also noch ein paar sch\u00f6ne Dinge zu tun die kommenden Wochen \/ Monate.<\/p>\n","protected":false},"excerpt":{"rendered":"<p>Hupps es schon wieder 5 Jahre her das der Gti angemeldet war.\u00a0 Die To Do-Liste von 2014 ist \u00fcbrigens nicht k\u00fcrzer geworden, also noch ein paar sch\u00f6ne Dinge zu tun die kommenden Wochen \/ Monate.<\/p>\n","protected":false},"author":2,"featured_media":0,"parent":0,"menu_order":0,"comment_status":"closed","ping_status":"closed","template":"","meta":{"footnotes":""},"class_list":["post-660","page","type-page","status-publish","hentry"],"_links":{"self":[{"href":"https:\/\/www.vwpolo6n.de\/marc\/wp-json\/wp\/v2\/pages\/660","targetHints":{"allow":["GET"]}}],"collection":[{"href":"https:\/\/www.vwpolo6n.de\/marc\/wp-json\/wp\/v2\/pages"}],"about":[{"href":"https:\/\/www.vwpolo6n.de\/marc\/wp-json\/wp\/v2\/types\/page"}],"author":[{"embeddable":true,"href":"https:\/\/www.vwpolo6n.de\/marc\/wp-json\/wp\/v2\/users\/2"}],"replies":[{"embeddable":true,"href":"https:\/\/www.vwpolo6n.de\/marc\/wp-json\/wp\/v2\/comments?post=660"}],"version-history":[{"count":1,"href":"https:\/\/www.vwpolo6n.de\/marc\/wp-json\/wp\/v2\/pages\/660\/revisions"}],"predecessor-version":[{"id":661,"href":"https:\/\/www.vwpolo6n.de\/marc\/wp-json\/wp\/v2\/pages\/660\/revisions\/661"}],"wp:attachment":[{"href":"https:\/\/www.vwpolo6n.de\/marc\/wp-json\/wp\/v2\/media?parent=660"}],"curies":[{"name":"wp","href":"https:\/\/api.w.org\/{rel}","templated":true}]}}